 v(24).
30
Let z(x) = x - 19. Give z(0).
-19
Let b(u) = 3*u**3 + 8*u**2 + 3*u - 12. Determine b(-3).
-30
Let x(a) = -a**3 - a**2 + 7. Give x(3).
-29
Let h(s) = -s**2 - 17*s - 7. Give h(-16).
9
Let b(j) = j + 42. Determine b(-23).
19
Let o(d) = -d**3 + 2*d**2 + 5. Give o(3).
-4
Let f(r) = r. Calculate f(-2).
-2
Let v(y) = -y**3 - 9*y**2 - 7*y + 7. What is v(-8)?
-1
Let b(u) = -u**2 - 2*u + 8. Calculate b(4).
-16
Let l(a) = -2*a**2 + 13. Give l(6).
-59
Let o(b) = 4*b**3 - 26*b**2 - 15*b + 5. Calculate o(7).
-2
Let r(u) = u**2 + 16*u + 14. Calculate r(-15).
-1
Let t(m) = 13*m - 16. What is t(1)?
-3
Let x(n) = -n**3 + 18*n**2 - 16*n - 17. What is x(17)?
0
Let j(b) = 2*b**2 - 10*b - 2. Determine j(8).
46
Let x(w) = w - 10. Give x(11).
1
Let h(v) = -v**3 - 5*v**2 + 4*v + 5. Determine h(-5).
-15
Let g(u) = 7*u**2 + u - 1. Calculate g(1).
7
Let h(u) = u**3 - u**2 + 3*u + 4. Determine h(4).
64
Let r(n) = -n + 28. What is r(16)?
12
Let f(t) = 4*t - 79. Give f(19).
-3
Let s(d) = -2*d**2 - 2*d + 19. Determine s(3).
-5
Let a(y) = 3*y + 1. Calculate a(-6).
-17
Let b(o) = o**3 - 11*o**2 + 25*o - 7. Determine b(8).
1
Let u(d) = 20*d**2. Determine u(-1).
20
Let g(a) = a**3 - 5*a**2 - 3*a. Give g(5).
-15
Let j(h) = 5*h**2 + 32*h - 15. Give j(-7).
6
Let v(b) = -b**3 + b**2 + b + 4. Calculate v(0).
4
Let r(w) = -w**3 + 7*w**2 - 10*w + 8. Calculate r(6).
-16
Let r(w) = -51*w + 332. Determine r(7).
-25
Let z(w) = 87*w + 260. Calculate z(-3).
-1
Let k(i) = -3*i + 5. Determine k(-10).
35
Let x(q) = -4*q**3 + 4. Calculate x(2).
-28
Let q(w) = w**3 + 22*w**2 - w - 22. Determine q(-22).
0
Let j(d) = -d**2 - 10*d + 4. Give j(-8).
20
Let x(p) = 9*p - 6. Calculate x(2).
12
Let f(x) = -x**3 + 6*x**2 + 23*x - 8. Calculate f(9).
-44
Let f(k) = -k**2 + 10. Determine f(-3).
1
Let t(r) = 4*r**3 + 2*r**2 + 4*r + 6. Calculate t(-3).
-96
Let y(t) = -4*t**3 - 2*t**2 + 3*t - 1. What is y(-3)?
80
Let a(f) = 9*f - 586. Determine a(65).
-1
Let y(o) = o - 5. What is y(0)?
-5
Let w(b) = -11*b + 5. Give w(-4).
49
Let l(w) = -4*w - 42. Give l(-12).
6
Let c(w) = -w**2 + 6*w + 8. Give c(7).
1
Let d(z) = z**3 - 6*z**2 + 2*z - 8. Determine d(6).
4
Let v(d) = 2*d**2 + d + 2. Give v(-4).
30
Let p(d) = -3*d - 36. Give p(-10).
-6
Let t(i) = -3*i**2 - 4*i + 17. What is t(5)?
-78
Let v(i) = i + 3. Give v(0).
3
Let v(o) = -o**2 + 7*o - 6. Determine v(4).
6
Let l(u) = -8*u + 4. Give l(2).
-12
Let z(q) = -2*q**2 + 31*q - 16. Calculate z(15).
-1
Let v(j) = 3*j**3 + 2*j**2 + 4*j - 9. What is v(2)?
31
Let b(l) = -2*l - 2. Determine b(3).
-8
Let g(a) = a**3 - 8*a**2 - 10*a + 10. Calculate g(9).
1
Let f(h) = -60*h + 122. Calculate f(2).
2
Let u(y) = 6*y - 19. Calculate u(4).
5
Let y(i) = 5*i**2 - 5*i + 9. Determine y(3).
39
Let q(y) = 2*y**2 - 2*y. Calculate q(-3).
24
Let v(o) = 2*o**2 - o - 5. Give v(4).
23
Let n(c) = -2*c**3 + 76*c**2 - c + 47. Determine n(38).
9
Let f(b) = -b**3 + 7*b**2 - 6*b + 3. Determine f(6).
3
Let r(c) = -37*c + 1. Determine r(3).
-110
Let q(x) = -78*x - 242. What is q(-3)?
-8
Let l(r) = 4*r - 87. What is l(18)?
-15
Let h(j) = -2*j**2 + 2*j. Determine h(2).
-4
Let q(k) = 5*k + 2. Determine q(-2).
-8
Let j(h) = 4*h + 1. Determine j(4).
17
Let t(d) = d**3 + 12*d**2 + 10*d - 13. What is t(-11)?
-2
Let k(u) = -13*u - 1. What is k(2)?
-27
Let i(r) = -r**2 - 16*r + 43. Give i(-18).
7
Let t(m) = 8*m + 13. What is t(-8)?
-51
Let k(p) = -p**2 - 1. What is k(-1)?
-2
Let m(r) = 2*r**2 + 34*r - 3. Calculate m(-17).
-3
Let f(z) = 18*z - 52. Determine f(4).
20
Let c(i) = 22*i**3 + i**2 - i + 1. What is c(1)?
23
Let d(m) = -m + 12. Give d(-4).
16
Let t(m) = -6*m**2 - 84*m - 13. Give t(-14).
-13
Let p(q) = -q**2 + 10*q - 4. Calculate p(3).
17
Let x(b) = -11*b + 5. Determine x(4).
-39
Let f(j) = -j + 1. What is f(5)?
-4
Let s(y) = -y**3 + 4*y**2 - 11*y + 80. Determine s(5).
0
Let t(b) = 7*b**2 + 2*b + 4. What is t(-3)?
61
Let f(t) = 3*t**2 + 12*t - 12. What is f(-2)?
-24
Let k(y) = -43*y - 13. Give k(-2).
73
Let g(r) = 16*r - 203. Calculate g(12).
-11
Let a(n) = -10*n - 33. Give a(-3).
-3
Let d(t) = 10*t - 23. Calculate d(2).
-3
Let k(h) = -3*h - 36. Give k(-6).
-18
Let w(a) = a**3 + 6*a**2 - 8*a + 8. What is w(-8)?
-56
Let z(n) = 110*n**2 + 3*n - 1. Calculate z(1).
112
Let p(z) = -z**2 - 6*z + 10. Determine p(-4).
18
Let c(p) = -p**3 - 7*p**2 - 7*p - 15. Give c(-5).
-30
Let p(s) = s**2 + 46*s - 158. What is p(-49)?
-11
Let o(r) = 17*r + 548. What is o(-33)?
-13
Let z(p) = p - 9. Determine z(-9).
-18
Let i(t) = -t**2 + t + 49. What is i(-6)?
7
Let a(m) = m**2 + 15*m. What is a(-4)?
-44
Let l(d) = -8*d**3 + 3*d**2 - 2. What is l(1)?
-7
Let w(c) = -2*c**2 - 9*c + 14. Determine w(-6).
-4
Let y(w) = -w**2 + 14*w - 3. Give y(13).
10
Let i(q) = 4*q + 51. What is i(-21)?
-33
Let a(l) = -12*l - 8. Determine a(4).
-56
Let n(b) = 4*b - 20. Calculate n(4).
-4
Let x(h) = h**2 + 26*h + 83. What is x(-4)?
-5
Let m(t) = t**3 + 15*t**2 - 17*t - 20. Give m(-16).
-4
Let i(g) = g**3 + 24*g**2 + 4*g + 56. Give i(-24).
-40
Let a(y) = y**3 - 17*y**2 - 60*y - 2. What is a(20)?
-2
Let v(g) = g**3 + 12*g**2 - 32*g - 16. Determine v(-14).
40
Let t(c) = 2*c - 26. What is t(12)?
-2
Let n(g) = 50*g - 90. Calculate n(2).
10
Let p(y) = -25*y + 81. Give p(3).
6
Let k(o) = -o**3 - 12*o**2 + 11*o + 13. Give k(-13).
39
Let r(w) = -w**2 - 8*w - 14. Determine r(-4).
2
Let w(o) = 4*o - 25. Calculate w(10).
15
Let i(w) = 6*w + 283. What is i(-46)?
7
Let x(j) = 3*j**2 + 5*j - 1. Calculate x(-4).
27
Let z(k) = -2*k**3 - 26*k**2 + 12*k + 10. Determine z(-13).
-146
Let z(i) = 96*i**2 + 3*i + 3. Calculate z(-1).
96
Let p(j) = -j**3 + 15*j**2 - 17*j + 25. Determine p(14).
-17
Let l(r) = -r - 14. Calculate l(0).
-14
Let x(b) = b**3 - 21*b**2 + 22*b - 19. Give x(20).
21
Let f(c) = -8*c**2 - 3*c + 3. Give f(-1).
-2
Let a(q) = 29*q**3 - q**2 + q. Calculate a(1).
29
Let g(v) = -v**3 + 20*v**2 - 37*v + 24. Calculate g(18).
6
Let k(s) = -s. What is k(-10)?
10
Let q(c) = c**3 - 12*c**2 - 15*c + 3. Calculate q(13).
-23
Let i(x) = -x**2 + 2*x + 22. Calculate i(6).
-2
Let d(c) = c**3 + 17*c**2 + 16*c - 1. What is d(-16)?
-1
Let o(b) = -3*b - 25. What is o(10)?
-55
Let d(k) = -13*k**2 - 3*k + 4. Give d(1).
-12
Let u(g) = g**3 + 7*g**2 - 2*g + 11. Calculate u(-8).
-37
Let q(w) = 96*w. Determine q(1).
96
Let t(q) = 32*q**2 + 4*q + 3. What is t(-1)?
31
Let l(h) = h**3 - 3*h**2 - 18*h + 22. What is l(5)?
-18
Let d(v) = -48*v - 11. What is d(-1)?
37
Let k(u) = -u**2 + 20*u + 44. Determine k(22).
0
Let p(s) = -8*s**2 - 6*s - 2. What is p(-4)?
-106
Let v(t) = t**3 + 35*t**2 + 5*t + 181. What is v(-35)?
6
Let j(h) = h**2 - 4. Determine j(-4).
12
Let a(i) = i**2 - 16. What is a(0)?
-16
Let r(a) = a**2 - 34*a + 11. Determine r(31).
-82
Let u(y) = 2*y + 25. What is u(-11)?
3
Let g(z) = -z**3 - 7*z**2 + 5. Give g(-7).
5
Let m(y) = -y**2 - 11*y - 5. What is m(-10)?
5
Let k(x) = -x**2 + 10*x + 81. Determine k(15).
6
Let x(g) = 3*g + 15. Determine x(-5).
0
Let n(l) = l**2 + 2*l - 4. What is n(-6)?
20
Let q(i) = -5*i + 144. Determine q(30).
-6
Let j(k) = -2*k. Determine j(-11).
22
Let o(d) = -3*d - 8. Calculate o(-10).
22
Let o(r) = -r**3 - 14*r**2 + 3*r - 3. Determine o(-14).
-45
Let w(l) = -21*l - 131. Calculate w(-6).
-5
Let d(t) = -4*t - 4. Calculate d(-5).
16
Let z(h) = 4*h - 5. Give z(3).
7
Let w(t) = -t**3 + 10*t**2 - 8*t. Determine w(9).
9
Let g(u) = -u**3 - 12*u**2 - 20*u + 15. Give g(-10).
15
Let n(a) = 11*a**2 - 11*a - 18. What is n(-2)?
48
Let v(s) = -2*s + 1. What is v(2)?
-3
Let a(o) = o**2 + 5*o - 10. What is a(-11)?
56
Let s(h) = h**2 - 18*h + 17. What is s(15)?
-28
Let p(i) = -3*i**2 - 5*i + 4. Determine p(1).
-4
Let x(g) = 14*g - 58. Determine x(8).
54
Let s(k) = 3*k**2 + 37*k + 63. What is s(-10)?
-7
Let o(j) = 4*j + 25. Give o(-6).
1
Let z(o) = o**3 + 7*o**2 + 2*o + 9. What is z(-7)?
-5
Let j(i) = -i**3 - 5*i**2 - 7*i - 18. What is j(-4)?
-6
Let f(z) = 12*z**3 - 2*z**2 - 3*z - 1. Calculate f(-1).
-12
Let m(x) = -x + 29. What is m(21)?
8
Let c(p) = 3*p + 12. Give c(-4).
0
Let g(r) = 8*r - 41. Determine g(5).
-1
Let l(m) = m**2 - 2*m + 1. Determine l(2).
1
Let l(d) = -d**3 - 4*d**2 - 4*d - 38. Calculate l(-5).
7
Let c(w) = -2*w**3 - 8*w**2 + 5*w - 3. What is c(-6)?
111
Let z(i) = i**2 - 2*i - 5. Give z(4).
3
Let h(y) = -y**2 + 19*y - 73. Give h(14)